e 3 - (10 + -9 - (9 + (-3 - -1))).
9
What is -43 - -28 - (-7 + (-4 - (-2 - -3)))?
-3
What is -22 + (-17 - -42 - 3)?
0
What is 14 + (-4 - (-2 + (15 - 13)))?
10
What is -4 - -2 - (-3 + -5 + 4)?
2
Calculate (3 + (4 - 11) - -11) + (3 - -3).
13
Calculate 15 - (5 - 10) - (-13 + 19).
14
20 + (2 + -21 - -8)
9
Calculate (-32 - -6 - -55) + -23.
6
What is the value of 1 - 0 - (-67 - -60)?
8
What is the value of (-11 - 6 - -10) + (1 - -1)?
-5
What is (5 - -3 - (-1 + 3)) + (3 - -5)?
14
Evaluate (-38 - -17) + 7 + 0 + 33.
19
What is the value of -31 + 0 - (125 - 141)?
-15
Calculate (-6 - -6) + (19 - 7).
12
What is (1 - 11) + (-12 - ((-22 - 3) + 19))?
-16
What is the value of -3 + -4 + 6 + -4 + (-9 - 1)?
-15
What is -1 + (-9 - -2) - (310 - 304)?
-14
Calculate -33 + -3 + (-22 - -26) + 10.
-22
Calculate -9 + (-19 + 29 - (0 - -9)) - -2.
-6
What is the value of -1 - -3 - (4 - 6 - -4 - -6)?
-6
3 + (5 - (-2 + 7)) + -1
2
Evaluate 6 + 1 - (16 + (-11 - (9 + 0))).
11
-13 - ((-5 - (-15 - -10)) + (-4 - 0))
-9
What is 38 + (14 - 0 - (-2 + 7) - 16)?
31
-10 + (-51 - -47 - (-1 + -7))
-6
Evaluate -17 - (22 - (6 + -14 - -24)).
-23
Calculate 26 + 1 + 4 + -9 + -4 + -3.
15
-5 + 9 + (-7 - 38) + -1 + 6
-36
Evaluate 17 - (0 + 2) - (165 + -138).
-12
Evaluate (-2 - -15) + (55 - 62) + -24.
-18
What is the value of 4 + -15 - (16 + -12)?
-15
(-3 - 3) + 111 + -125
-20
Evaluate (2 - 5) + -10 + (17 - 14).
-10
What is 10 + 0 + -528 + 544 - -12?
38
14 + -12 + 1 + -29 + 9
-17
-10 - (-25 - (1 + -10))
6
Evaluate (-4 + -8 - -9 - (0 - -3)) + 5.
-1
What is -26 - (-10 + (27 - 26))?
-17
(18 - (43 - 16)) + 9 - -1
1
Evaluate (-1 - (0 - -4)) + -9 + 12 + -2.
-4
Calculate -11 - (-17 + 49) - -38.
-5
Calculate -1 + (6 - -3) + (20 - 36 - -14).
6
Evaluate (-3 - 4) + -1 + 8 + 9.
9
What is the value of 0 + 2 + (-2 + -2 - -4) + 8?
10
Calculate -27 - (18 + -52) - (-1 - -6) - -10.
12
What is the value of 5 - (-1 + 3 + 2 + 0 + 4)?
-3
Calculate (5 - (-16 - -26)) + (18 - (-2 + 3)).
12
6 - 10 - (-15 + 9) - -14
16
What is 210 - 212 - (-11 + -2)?
11
Calculate 13 - 10 - (3 - -3).
-3
Evaluate -7 + -3 - (23 - 7).
-26
Calculate 11 - (26 + (-3 - 32)).
20
0 + 40 + -30 + 24
34
-8 - (0 + -24 - -10)
6
What is (-23 - 21) + 23 + 41?
20
Evaluate (13 - 1) + (5 - 10 - 1).
6
Evaluate (-27 - -43) + -25 + -3.
-12
-3 + 47 + -8 + -16
20
What is -2 + -3 - (7 + -5) - (-1 - 0)?
-6
Calculate 38 + -51 + -1 + (11 - -1).
-2
(-1 - (-24 - -4 - -28)) + -1
-10
Calculate 3 - (3 + (4 - 2) + -4).
2
What is 20 - (77 - 33) - -17?
-7
What is the value of -4 + 2 + -6 + (10 - (-5 + 10))?
-3
Evaluate -1 + 20 - ((-10 - 32) + 42).
19
Calculate (-13 - (-2 + -5 + 5)) + 16.
5
What is (-2 - 8) + (17 - 5 - 6)?
-4
What is the value of 2 + (-13 + -5 - -23)?
7
-1 + 35 - ((-3 - -9 - -4) + -5)
29
(-17 - (-12 - 6)) + -11
-10
Evaluate -18 + 17 + -11 + 16 - -6.
10
32 + (44 - 43 - (2 - 5)) - 7
29
Calculate 10 - 16 - (-17 - 0).
11
Evaluate 11 + 9 + -11 + 5 - 7.
7
Evaluate -7 + (12 - 21 - -37).
21
Calculate (-16 - -13) + (10 - 0).
7
6 - (1 + 0) - (-757 - -760)
2
What is the value of -2 - (-10 + 15 + -2 + 7)?
-12
What is the value of -11 + (16 - -4 - (19 + -5))?
-5
What is the value of -31 - (2 - -2) - (-7 + (-2 - -5))?
-31
Calculate -1 - (10 + -25) - (19 + -1).
-4
Calculate 28 - -1 - (13 + 2 + -5 + -4).
23
Evaluate -29 + 49 + 5 + -5.
20
Calculate -35 + 18 + (-14 - (3 + (-2 - 5))).
-27
0 - -11 - (-69 - -86)
-6
19 + -1 + (1 - 7) - (6 + 1)
5
What is 6 + (-4 - -15 - 38) + 11?
-10
5 + -33 + (7 - -27)
6
What is the value of -10 + 0 + 6 + -2 + -7 + 2?
-11
Evaluate 4 + -35 - (306 + -308).
-29
Evaluate 6 - (-1 + 10 + -9) - (1 - 4).
9
18 - (1 + 9 + -4)
12
What is 16 + (-58 - -1) + (172 - 164)?
-33
What is 2 - 2 - (37 + -38)?
1
Calculate 2 + 0 + (4 + 8 - 9).
5
What is the value of -1 - 0 - (-793 + 810)?
-18
Evaluate 1 + 2 - -10 - 23 - (1 + -1).
-10
What is the value of 14 - 24 - -2 - -5?
-3
Evaluate 12 - (40 - (-7 + (10 - 4) - -2)).
-27
Evaluate (3 - -6) + (160 - 155).
14
Calculate (-28 - 1) + (431 - 430).
-28
Evaluate 0 + -4 + 9 - (-12 + (11 - -2)).
4
What is the value of (7 - 9) + 18 + -8 + 2?
10
Evaluate -8 + (-7 - (-13 + -12)).
10
-1 + (6 - 8) + 15 + (-8 - -2)
6
What is 12 - 13 - 3 - 2?
-6
12 + (18 - 14 - (7 - -5))
4
What is (18 - -11) + 20 + -36?
13
Calculate -2 + 1 - (-10 - (16 + (-15 - -7))).
17
Calculate -22 - (-31 - 0) - -9.
18
What is the value of -1 + (6 - (-32 - -18)) + -6?
13
Evaluate 35 - (32 + -44 + 11).
36
Calculate -27 - (-9 + -20 + 10).
-8
What is the value of (3 - (5 - -2)) + (-170 - -174)?
0
2 - 3 - (8 + -16)
7
0 + -1 + 2 + (-17 - (-19 + -6))
9
What is the value of 20 + ((11 - 9) + 6 - 10)?
18
-8 - (9 - (-7 - -8) - 5)
-11
What is -1 - (-11 + -1) - (-199 - -206) - 7?
-3
Evaluate 0 + -2 + -8 + 4 + -11 + 10.
-7
Evaluate (1 - 2) + (-2 - -4) - 11.
-10
What is the value of 5 - (6 + 5 + -5)?
-1
What is -369 + 354 - (-1 - (-2 + 23))?
7
What is the value of -5 + 15 + 1 + -27 + -2 + 3?
-15
What is the value of -7 + (170 + -176 - (-1 - 1))?
-11
Evaluate -4 + 0 + -3 + 7 + -8.
-8
130 + -112 + (9 - -1)
28
What is 7 - 10 - -8 - (-1 + 2)?
4
Calculate 8 - (13 + -2 - (7 + -4)) - -3.
3
18 + (-3 - (-3 + 1)) - (347 - 344)
14
(-40 - -41) + (-23 - ((-3 - 1) + 8))
-26
Calculate -60 + -5 + 17 + 17 + -7.
-38
-3 + 0 - 2 - (724 + -710)
-19
50 + -32 - (4 + 5)
9
Calculate -35 + 1 + (21 - 30 - (-1 + -17)).
-25
-2 + (20 - (17 - -9)) + (0 - -29)
21
(17 - 3) + 1 + 116 + -134
-3
Evaluate 19 - 3 - ((0 - 2) + 3 + -1).
16
Evaluate -15 + (-13 + 15 - -10).
-3
What is the value of 4 - (2 - (-8 - 7 - -12))?
-1
Calculate -14 - (-21 + 26 - (0 - -5)).
-14
What is -2 - (3 + 1 - 24)?
18
What is (-2 - -18) + -21 + 20 + 19?
34
What is 5 + 2 - (-78 + 102)?
-17
Evaluate (-12 - -2) + 6 + (2 - 1 - -9).
6
Evaluate 4 + -2 + (-5 - -5 - 3).
-1
Evaluate -90 + 88 - (-1 - (-34 - -5)).
-30
Calculate -7 - (-27 + 10) - 4.
6
What is the value of 14 + (-32 - -16) + -19?
-21
6 + (-6 + 5 - -2 - -9) + -10
6
-17 + -1 - (-159 - -159)
-18
Calculate 1 - 9 - (-285 + 299 + (-10 - 0)).
-12
What is -4 + (9 - (-7 - -14)) - -11 - 3?
6
What is -12 - (-15 - -41 - 34)?
-4
Calculate 5 + 0 - ((3 - 15) + 0).
17
What is (-42 - (50 + -103)) + (-14 - 1)?
-4
Evaluate -7 + (-6 - (-13 + -26 + 11 + -2)).
17
What is -2 - (19 + -2 - 13) - -6?
0
What is 5 + 0 - (14 - (-8 - (-10 - -1)))?
-8
Evaluate (-11 - -5 - -11 - 16) + -10.
-21
What is the value of -1 + 5 + -4 - (1 + -7 + 1)?
5
Calculate 12 + -20 + 5 + 2 - -1.
0
What is the value of 24 - (8 + 19 - 10)?
7
What is the value of -19 + -19 + 8 - ((2 - 7) + -5)?
-20
Evaluate -15 - (-14 + 5) - (1 + -11).
4
What is -10 + 21 + -29 + 55?
37
Evaluate 5 + -1 + -7 - -10 - 14.
-7
Calculate 9 + (29 - (-6 - -44)).
0
Calculate 67 + -82 + (0 - -1) + -4.
-18
(-12 - (-15 + 3)) + 5
5
What is the value of 16 + (1 - 14) + -341 + 342?
4
What is the value of (2 - -2) + 2 - (10 - (-2 - -15))?
9
What is (10 - (-15 + 36) - (-14 - 0)) + -2?
1
What is -3 + (-8 - -4) + (21 - 1)?
13
Evaluate (0 - (-11 + (-10 - -9))) + -4.
8
Evaluate -7 + ((2 - 5) + 4 + -1 - -7).
0
-3 + -9 - (14 + -14)
-12
-1 + (0 - (-6 - -6))
-1
What is the value of 9 + ((-5 - -5) + -7 - 2)?
0
Calculate 3 + -4 + (-2 - (-25 + 30)).
-8
Calculate 15 + 11 + -20 + 3 + -13 - -3.
-1
Calculate -2 - (0 + -7 - -22) - (0 - -9).
-26
-10 + (9 - 8) + -11 + 6
-14
0 + 8 + (-33 - (11 + -6)) + 4
-26
Evaluate 35 - (16 + -21 + 11 + -1 - 3).
33
Calculate 3 - (-16 - (-7 + 5) - 1).
18
-34 + (23 - (39 - 21))
-29
Calculate -2 + -2 + (-47 - -57).
6
-3 + -10 + (15 - 4) + -4
-6
Evaluate 12 + -10 + 4 - 15 - -8.
-1
Calculate -5 + 8 + (-7 - -23) + -7.
12
(0 - (17 + (-4 - 6))) + 3
-4
5 - (-14 - (10 - 19))
10
Calculate (-19 - -10) + -3 + 14.
2
(-14 - 9) + 49 - 2
24
Calculate 1 + (0 - (-7 - 1)) + (-4 - -1).
6
What is the value of (-6 - (-12 + 13)) + -2 + 26?
17
Evaluate -33 + -2 + 4 + (-12 - 21) + 35.
-29
Calculate (-4 - 5 - 6) + 33.
18
-22 - (-1 + 13) - -14
-20
What is the value of 13 - (-8 + (13 - 7 - -3)) - -1?
13
What is the value of -95 + 79 + -1 + -1 - -4?
-14
(-7 - 1) + (39 - 26) + 7
12
What is (-1 - 1) + 3 + 11 + -18?
-6
Calculate -8 + (5 - 4) + 11 - -3.
7
Calculate -47 + 61 + (2 - 11).
5
Calculate -8 + 17 + 17 - 16.
10
What is the value of 2 - (9 + 11 + -26)?
8
Calculate 28 - (22 + -4 + 7).
3
What is the value of (2 - 12 - -26 - 7) + -7?
2
2 + 5 + -2 + -1 - (-10 + 16)
-2
14 + -20 + 6 - 14
-